{"id":10,"date":"2024-04-17T20:27:35","date_gmt":"2024-04-17T20:27:35","guid":{"rendered":"http:\/\/adu-duk.cz\/?page_id=10"},"modified":"2024-10-20T23:18:50","modified_gmt":"2024-10-20T23:18:50","slug":"home","status":"publish","type":"page","link":"https:\/\/adu-duk.cz\/","title":{"rendered":"Home"},"content":{"rendered":"\n<div class=\"wp-block-cover alignfull\" style=\"min-height:720px;aspect-ratio:unset;\"><span aria-hidden=\"true\" class=\"wp-block-cover__background has-background-dim-100 has-background-dim has-background-gradient\" style=\"background:linear-gradient(35deg,rgb(69,104,220) 0%,rgb(176,106,179) 100%)\"><\/span><div class=\"wp-block-cover__inner-container is-layout-flow wp-block-cover-is-layout-flow\">\n<div style=\"height:100px\" aria-hidden=\"true\" class=\"wp-block-spacer\"><\/div>\n\n\n\n<div class=\"inherit-container-width wp-block-group alignwide is-layout-constrained wp-block-group-is-layout-constrained\">\n<div class=\"wp-block-media-text alignwide has-media-on-the-right is-stacked-on-mobile is-vertically-aligned-center\" style=\"grid-template-columns:auto 43%\"><div class=\"wp-block-media-text__content\">\n<h1 class=\"wp-block-heading has-text-align-left has-white-color has-text-color\" style=\"font-size:31px\">\u201eDan\u011b a \u00fa\u010detnictv\u00ed odborn\u011b a s \u00fasm\u011bvem\u201c<\/h1>\n\n\n\n<ul class=\"wp-block-list\">\n<li><strong>profesion\u00e1ln\u00ed slu\u017eby<\/strong>&nbsp;ov\u011b\u0159en\u00e9 dlouholetou tradic\u00ed a prax\u00ed<\/li>\n\n\n\n<li><strong>kvalita zalo\u017eena na odbornosti<\/strong>&nbsp;na\u0161eho t\u00fdmu<\/li>\n\n\n\n<li><strong>individu\u00e1ln\u00ed p\u0159\u00edstup<\/strong>&nbsp;k na\u0161im klient\u016fm<\/li>\n<\/ul>\n\n\n\n<div class=\"wp-block-buttons is-layout-flex wp-block-buttons-is-layout-flex\">\n<div class=\"wp-block-button\"><a class=\"wp-block-button__link wp-element-button\" href=\"#formular\">M\u00e1m z\u00e1jem<\/a><\/div>\n<\/div>\n<\/div><figure class=\"wp-block-media-text__media\"><img loading=\"lazy\" decoding=\"async\" width=\"308\" height=\"387\" src=\"https:\/\/adu-duk.cz\/wp-content\/uploads\/2024\/09\/adu-01-1.png\" alt=\"\" class=\"wp-image-138 size-full\"\/><\/figure><\/div>\n<\/div>\n<\/div><\/div>\n\n\n\n<div class=\"wp-block-group alignfull is-layout-constrained wp-container-core-group-is-layout-232729fa wp-block-group-is-layout-constrained\" id=\"whyus\" style=\"padding-top:61px;padding-bottom:61px\">\n<h2 class=\"wp-block-heading\"><\/h2>\n\n\n\n<div class=\"wp-block-columns is-layout-flex wp-container-core-columns-is-layout-29aadeec wp-block-columns-is-layout-flex\" style=\"margin-top:60px\">\n<div class=\"wp-block-column is-layout-flow wp-container-core-column-is-layout-6b73ce23 wp-block-column-is-layout-flow\">\n<h3 class=\"wp-block-heading\" style=\"margin-top:16px\">Na\u0161e spole\u010dnost poskytuje komplexn\u00ed slu\u017eby v oblasti dan\u00ed, \u00fa\u010detnictv\u00ed a mezd mal\u00fdm a st\u0159edn\u00edm podnikatelsk\u00fdm subjekt\u016fm.<\/h3>\n<\/div>\n<\/div>\n\n\n\n<div class=\"wp-block-columns is-layout-flex wp-container-core-columns-is-layout-29aadeec wp-block-columns-is-layout-flex\" style=\"margin-top:60px\">\n<div class=\"wp-block-column is-layout-flow wp-container-core-column-is-layout-6b73ce23 wp-block-column-is-layout-flow\">\n<figure class=\"wp-block-image size-full is-resized is-style-rounded wp-duotone-blue-orange\"><img loading=\"lazy\" decoding=\"async\" width=\"121\" height=\"113\" src=\"https:\/\/adu-duk.cz\/wp-content\/uploads\/2024\/09\/01.png\" alt=\"\" class=\"wp-image-161\" style=\"object-fit:cover;width:72px;height:70px\"\/><\/figure>\n\n\n\n<h3 class=\"wp-block-heading\" style=\"margin-top:16px\">Da\u0148ov\u00e9 poradenstv\u00ed:<\/h3>\n\n\n\n<h6 class=\"wp-block-heading\">pom\u00e1h\u00e1 efektivn\u011b nastavit optimalizaci da\u0148ov\u00fdch \u00faspor a povinnost\u00ed<\/h6>\n\n\n\n<ul class=\"wp-block-list\">\n<li>da\u0148ov\u00e9 poradenstv\u00ed pro fyzick\u00e9 i pr\u00e1vnick\u00e9 osoby<\/li>\n\n\n\n<li>optimalizace da\u0148ov\u00e9 povinnosti dle platn\u00e9 pr\u00e1vn\u00ed legislativy<\/li>\n\n\n\n<li>p\u0159izn\u00e1n\u00ed k dani z p\u0159\u00edjmu pr\u00e1vnick\u00fdch osob v r\u00e1mci veden\u00ed \u00fa\u010detnictv\u00ed<\/li>\n\n\n\n<li>p\u0159izn\u00e1n\u00ed k dani z p\u0159\u00edjmu fyzick\u00fdch osob v r\u00e1mci veden\u00ed da\u0148ov\u00e9 evidence<\/li>\n\n\n\n<li>p\u0159izn\u00e1n\u00ed k dani z p\u0159idan\u00e9 hodnoty a souvisej\u00edc\u00ed hl\u00e1\u0161en\u00ed<\/li>\n\n\n\n<li>ostatn\u00ed da\u0148ov\u00e1 p\u0159izn\u00e1n\u00ed dle pot\u0159eby klienta<\/li>\n\n\n\n<li>odklady k pod\u00e1n\u00ed da\u0148ov\u00e9ho p\u0159izn\u00e1n\u00ed a odklady plateb<\/li>\n\n\n\n<li>zastupov\u00e1n\u00ed u Finan\u010dn\u00edho \u00fa\u0159adu<\/li>\n<\/ul>\n\n\n\n<h6 class=\"wp-block-heading\"><br><\/h6>\n<\/div>\n\n\n\n<div class=\"wp-block-column is-layout-flow wp-container-core-column-is-layout-6b73ce23 wp-block-column-is-layout-flow\">\n<figure class=\"wp-block-image size-full is-resized is-style-rounded wp-duotone-blue-orange\"><img loading=\"lazy\" decoding=\"async\" width=\"121\" height=\"113\" src=\"https:\/\/adu-duk.cz\/wp-content\/uploads\/2024\/09\/02.png\" alt=\"ucetnictvi\" class=\"wp-image-160\" style=\"object-fit:cover;width:74px;height:70px\"\/><\/figure>\n\n\n\n<h3 class=\"wp-block-heading\" style=\"margin-top:16px\">\u00da\u010detnictv\u00ed:<\/h3>\n\n\n\n<h6 class=\"wp-block-heading\">je kl\u00ed\u010dov\u00e9 pro spr\u00e1vn\u00e9 finan\u010dn\u00ed \u0159\u00edzen\u00ed podniku a poskytuje d\u016fle\u017eit\u00e9 informace pro rozhodov\u00e1n\u00ed.<\/h6>\n\n\n\n<div class=\"wp-block-group is-vertical is-layout-flex wp-container-core-group-is-layout-fe9cc265 wp-block-group-is-layout-flex\">\n<div class=\"wp-block-columns is-layout-flex wp-container-core-columns-is-layout-28f84493 wp-block-columns-is-layout-flex\">\n<div class=\"wp-block-column is-layout-flow wp-block-column-is-layout-flow\" style=\"flex-basis:100%\">\n<ul class=\"wp-block-list\">\n<li>komplexn\u00ed veden\u00ed \u00fa\u010detnictv\u00ed men\u0161\u00edch a st\u0159edn\u00edch spole\u010dnost\u00ed dle platn\u00e9 legislativy<\/li>\n\n\n\n<li>\u00fa\u010detn\u00ed poradenstv\u00ed a pomoc p\u0159i zav\u00e1d\u011bn\u00ed \u00fa\u010detn\u00edch metod<\/li>\n\n\n\n<li>sestaven\u00ed \u00fa\u010detn\u00ed z\u00e1v\u011brky dle platn\u00fdch p\u0159edpis\u016f<\/li>\n\n\n\n<li>rekonstrukce \u00fa\u010detnictv\u00ed dle dispozic klienta<\/li>\n\n\n\n<li>anal\u00fdza, \u00fa\u010detn\u00ed reporty a konzultace d\u016fle\u017eit\u00e9 pro v\u00fdvoj spole\u010dnosti<\/li>\n\n\n\n<li>kontrola a odborn\u00fd dohled nad \u00fa\u010detnictv\u00edm veden\u00fdm klientem<\/li>\n<\/ul>\n<\/div>\n<\/div>\n<\/div>\n<\/div>\n<\/div>\n\n\n\n<div class=\"wp-block-columns is-layout-flex wp-container-core-columns-is-layout-29aadeec wp-block-columns-is-layout-flex\" style=\"margin-top:60px\">\n<div class=\"wp-block-column is-layout-flow wp-container-core-column-is-layout-6b73ce23 wp-block-column-is-layout-flow\">\n<figure class=\"wp-block-image size-full is-resized is-style-rounded wp-duotone-blue-orange\"><img loading=\"lazy\" decoding=\"async\" width=\"121\" height=\"113\" src=\"https:\/\/adu-duk.cz\/wp-content\/uploads\/2024\/09\/03.png\" alt=\"Mzdy, Ucetnictvi\" class=\"wp-image-158\" style=\"object-fit:cover;width:72px;height:70px\"\/><\/figure>\n\n\n\n<h3 class=\"wp-block-heading\" style=\"margin-top:16px\">Mzdy:<\/h3>\n\n\n\n<h6 class=\"wp-block-heading\">Outsourcing mezd zajist\u00ed efektivn\u00ed zpracov\u00e1n\u00ed s platnou pr\u00e1vn\u00ed legislativou, \u00fasporu n\u00e1klad\u016f a ochranu citliv\u00fdch dat.<\/h6>\n\n\n\n<ul class=\"wp-block-list\">\n<li>kompletn\u00ed zpracov\u00e1n\u00ed mezd mal\u00fdch i st\u0159edn\u011b velk\u00fdch spole\u010dnost\u00ed<\/li>\n\n\n\n<li>p\u0159ihl\u00e1\u0161en\u00ed i odhl\u00e1\u0161en\u00ed zam\u011bstnanc\u016f na zdravotn\u00ed poji\u0161\u0165ovn\u011b a OSSZ (PSSZ)<\/li>\n\n\n\n<li>m\u011bs\u00ed\u010dn\u00ed p\u0159ehledy pro zdravotn\u00ed poji\u0161\u0165ovny a OSSZ (PSSZ)<\/li>\n\n\n\n<li>sestaven\u00ed vy\u00fa\u010dtov\u00e1n\u00ed dan\u011b z p\u0159\u00edjmu fyzick\u00fdch osob ze z\u00e1visl\u00e9 \u010dinnosti&nbsp;&nbsp;<\/li>\n\n\n\n<li>sestaven\u00ed vy\u00fa\u010dtov\u00e1n\u00ed sr\u00e1\u017ekov\u00e9 dan\u011b&nbsp;<\/li>\n\n\n\n<li>eviden\u010dn\u00ed listy d\u016fchodov\u00e9ho poji\u0161t\u011bn\u00ed, potvrzen\u00ed pro \u00fa\u0159ady pr\u00e1ce<\/li>\n\n\n\n<li>p\u0159\u00edkazy k \u00fahrad\u011b mezd a odvod\u016f, mzdov\u00e9 listy<\/li>\n\n\n\n<li>potvrzen\u00ed pro \u00fa\u0159ady pr\u00e1ce, banky \u010di dal\u0161\u00ed dle pot\u0159eb zam\u011bstnance<\/li>\n\n\n\n<li>zastupov\u00e1n\u00ed p\u0159i kontrol\u00e1ch u OSSZ \u010di zdravotn\u00ed poji\u0161\u0165ovn\u011b<\/li>\n\n\n\n<li>mzdov\u00e9 poradenstv\u00ed v oblasti personalistiky<\/li>\n<\/ul>\n<\/div>\n\n\n\n<div class=\"wp-block-column is-layout-flow wp-container-core-column-is-layout-6b73ce23 wp-block-column-is-layout-flow\">\n<figure class=\"wp-block-image size-full is-resized wp-duotone-blue-orange\"><img loading=\"lazy\" decoding=\"async\" width=\"121\" height=\"113\" src=\"https:\/\/adu-duk.cz\/wp-content\/uploads\/2024\/09\/04.png\" alt=\"\" class=\"wp-image-159\" style=\"object-fit:cover;width:74px;height:70px\"\/><\/figure>\n\n\n\n<h3 class=\"wp-block-heading\" style=\"margin-top:16px\">Da\u0148ov\u00e1 evidence (OSV\u010c):<\/h3>\n\n\n\n<h6 class=\"wp-block-heading\"><strong>d\u00e1v\u00e1 jasn\u00fd p\u0159ehled o finan\u010dn\u00edch toc\u00edch pro drobn\u00e9 podnikatele a slou\u017e\u00ed k evidov\u00e1n\u00ed p\u0159\u00edjm\u016f, v\u00fddaj\u016f, majetku a z\u00e1vazk\u016f<\/strong>&nbsp;<\/h6>\n\n\n\n<ul class=\"wp-block-list\">\n<li>Kompletn\u00ed veden\u00ed da\u0148ov\u00e9 evidence dle z\u00e1kona o dani z\u202fp\u0159\u00edjmu&nbsp;<\/li>\n\n\n\n<li>Poradenstv\u00ed a optimalizace p\u0159i zpracov\u00e1n\u00ed dan\u011b z\u202fp\u0159\u00edjmu fyzick\u00fdch osob&nbsp;&nbsp;<\/li>\n\n\n\n<li>Komunikace a zastupov\u00e1n\u00ed u st\u00e1tn\u00edch instituc\u00ed (F\u00da, \u010cSSZ, ZP, \u010cS\u00da)&nbsp;<\/li>\n<\/ul>\n<\/div>\n<\/div>\n<\/div>\n\n\n\n<div class=\"wp-block-group alignfull has-ast-global-color-5-background-color has-background is-layout-constrained wp-container-core-group-is-layout-594aed1c wp-block-group-is-layout-constrained\" id=\"about\" style=\"padding-top:12px;padding-bottom:28px\">\n<p class=\"has-text-align-center\"><img loading=\"lazy\" decoding=\"async\" width=\"800\" height=\"472\" class=\"wp-image-152\" style=\"width: 800px;\" src=\"https:\/\/adu-duk.cz\/wp-content\/uploads\/2024\/09\/Obrazek1.jpg\" alt=\"\"><\/p>\n<\/div>\n\n\n\n<div class=\"wp-block-group alignfull has-background is-layout-constrained wp-block-group-is-layout-constrained\" id=\"form\" style=\"background:linear-gradient(35deg,rgb(69,104,220) 0%,rgb(176,106,179) 98%);padding-top:21px;padding-bottom:21px\">\n<div class=\"wp-block-group is-layout-constrained wp-block-group-is-layout-constrained\">\n<div class=\"wp-block-buttons is-content-justification-center is-layout-flex wp-container-core-buttons-is-layout-a89b3969 wp-block-buttons-is-layout-flex\">\n<div class=\"wp-block-button\"><a class=\"wp-block-button__link wp-element-button\" href=\"#formular\">P\u0159ej\u00edt na objedn\u00e1n\u00ed slu\u017eeb<\/a><\/div>\n<\/div>\n<\/div>\n<\/div>\n\n\n\n<div class=\"wp-block-group alignfull is-layout-constrained wp-container-core-group-is-layout-0d959aa0 wp-block-group-is-layout-constrained\" id=\"onas\" style=\"padding-top:64px;padding-bottom:64px\">\n<h2 class=\"wp-block-heading\" id=\"onas\">Odborn\u00fd profil spole\u010dnosti A.D.U. spol. s r.o.<\/h2>\n\n\n\n<div class=\"wp-block-columns is-layout-flex wp-container-core-columns-is-layout-29aadeec wp-block-columns-is-layout-flex\" style=\"margin-top:60px\">\n<div class=\"wp-block-column is-layout-flow wp-container-core-column-is-layout-6b73ce23 wp-block-column-is-layout-flow\">\n<p>Spole\u010dnost A.D.U. spol. s r.o. byla zalo\u017eena v prosinci roku 1991 auditory Ing. Karlem Kas\u00edkem, CSc., Ing. Alenou Svobodovou a rakouskou auditorskou spole\u010dnost\u00ed Contax V\u00edde\u0148. Po revoluci pat\u0159ila k prvn\u00edm spole\u010dnostem, kter\u00e9 dok\u00e1zaly nab\u00eddnout zahrani\u010dn\u00edm klient\u016fm profesion\u00e1ln\u00ed slu\u017eby pot\u0159ebn\u00e9 pro mezin\u00e1rodn\u00ed podnik\u00e1n\u00ed.&nbsp;<\/p>\n\n\n\n<p>V po\u010d\u00e1te\u010dn\u00edch letech se spole\u010dnost zam\u011b\u0159ovala p\u0159edev\u0161\u00edm na auditorskou \u010dinnost \u010desk\u00fdch firem a spole\u010dnost\u00ed se zahrani\u010dn\u00ed \u00fa\u010dast\u00ed. Veden\u00ed \u00fa\u010detnictv\u00ed bylo tehdy sp\u00ed\u0161e dopl\u0148kovou slu\u017ebou. Od roku 2009 je spole\u010dnost<a href=\"https:\/\/www.kdpcr.cz\/spolecnost\/adu-spol-s-ro\" target=\"_blank\" rel=\"noreferrer noopener\"> A.D.U. spol. s\u202fr.o. evidov\u00e1na v seznamu Komory da\u0148ov\u00fdch poradc\u016f \u010cR<\/a>, a postupn\u011b se v\u00edce zam\u011b\u0159ila na da\u0148ov\u00e9 poradenstv\u00ed a veden\u00ed \u00fa\u010detnictv\u00ed, zat\u00edmco pod\u00edl auditorsk\u00fdch \u010dinnost\u00ed se sni\u017eoval. V roce 2020 spole\u010dnost ukon\u010dila poskytov\u00e1n\u00ed auditorsk\u00fdch slu\u017eeb, co\u017e doprov\u00e1zela zm\u011bna ve vlastnick\u00e9 struktu\u0159e a veden\u00ed.&nbsp;<\/p>\n\n\n\n<p>\u010c\u00e1ste\u010dn\u00fdmi vlastn\u00edky se stala dal\u0161\u00ed generace \u2013 d\u011bti zakladatel\u016f, kter\u00e9 se b\u011bhem let postupn\u011b zapojovaly do chodu spole\u010dnosti v oblasti \u00fa\u010detnictv\u00ed a dan\u00ed. V sou\u010dasn\u00e9 dob\u011b je jedin\u00fdm vlastn\u00edkem spole\u010dnosti <a href=\"https:\/\/www.kdpcr.cz\/danovy-poradce\/bc-alexandra-kopolovicova\" target=\"_blank\" rel=\"noreferrer noopener\">Bc. Alexandra Kopolovi\u010dov\u00e1, da\u0148ov\u00fd poradce ev. \u010d. 5537.<\/a> Spole\u010dnost tak pokra\u010duje v tradici poskytov\u00e1n\u00ed slu\u017eeb na nejvy\u0161\u0161\u00ed \u00farovni kvality a odbornosti.&nbsp;<\/p>\n\n\n\n<p>Na\u0161e pr\u00e1ce nen\u00ed jen povinnost\u00ed, ale i p\u0159\u00edle\u017eitost\u00ed, kterou vykon\u00e1v\u00e1me s radost\u00ed, proto\u017ee v\u011b\u0159\u00edme, \u017ee pr\u00e1ce s \u010d\u00edsly m\u016f\u017ee b\u00fdt z\u00e1bavn\u00e1. S n\u00e1mi m\u016f\u017eete o\u010dek\u00e1vat nejen precizn\u00ed slu\u017eby v oblasti dan\u00ed a \u00fa\u010detnictv\u00ed, ale i partnerstv\u00ed, kter\u00e9 p\u0159isp\u011bje k Va\u0161emu klidn\u011bj\u0161\u00edmu podnik\u00e1n\u00ed. Velkou \u010d\u00e1st na\u0161\u00ed klientely tvo\u0159\u00ed dlouhodob\u00ed z\u00e1kazn\u00edci, se kter\u00fdmi spolupracujeme mnoho let, \u010dasto ji\u017e od zalo\u017een\u00ed spole\u010dnosti.&nbsp;<\/p>\n\n\n\n<p>T\u011b\u0161\u00edme se na spolupr\u00e1ci s V\u00e1mi.&nbsp;<br>T\u00fdm spole\u010dnosti A.D.U. spol. s r.o.&nbsp;<\/p>\n\n\n\n<div class=\"wp-block-columns is-layout-flex wp-container-core-columns-is-layout-28f84493 wp-block-columns-is-layout-flex\">\n<div class=\"wp-block-column is-layout-flow wp-block-column-is-layout-flow\">\n<p class=\"has-text-align-center\"><br><img loading=\"lazy\" decoding=\"async\" width=\"800\" height=\"817\" class=\"wp-image-143\" style=\"width: 800px;\" src=\"https:\/\/adu-duk.cz\/wp-content\/uploads\/2024\/09\/Obrazek2-1.png\" alt=\"\"><\/p>\n\n\n\n<p class=\"has-text-align-center\"><\/p>\n<\/div>\n<\/div>\n<\/div>\n<\/div>\n<\/div>\n\n\n\n<div class=\"wp-block-group alignfull is-layout-constrained wp-container-core-group-is-layout-b9c4a762 wp-block-group-is-layout-constrained\" id=\"kontakt\" style=\"padding-top:15px;padding-bottom:15px\">\n<h2 class=\"wp-block-heading\" id=\"kontaktt\">Kontakt<\/h2>\n\n\n\n<div class=\"wp-block-columns is-layout-flex wp-container-core-columns-is-layout-c4ec5a87 wp-block-columns-is-layout-flex\" style=\"margin-top:19px\">\n<div class=\"wp-block-column is-layout-flow wp-container-core-column-is-layout-6b73ce23 wp-block-column-is-layout-flow\">\n<figure class=\"wp-block-image size-full is-resized is-style-rounded\"><img loading=\"lazy\" decoding=\"async\" width=\"82\" height=\"79\" src=\"https:\/\/adu-duk.cz\/wp-content\/uploads\/2024\/10\/sidlo-1.png\" alt=\"\" class=\"wp-image-209\" style=\"object-fit:cover;width:72px;height:70px\"\/><\/figure>\n\n\n\n<h3 class=\"wp-block-heading\" style=\"margin-top:16px\">A.D.U. spol. s r.o.<\/h3>\n\n\n\n<p><em><strong>Zelen\u00fd pruh 95\/97<\/strong><\/em><br><em>140 00 Praha 4-Bran\u00edk<\/em><\/p>\n<\/div>\n\n\n\n<div class=\"wp-block-column is-layout-flow wp-container-core-column-is-layout-6b73ce23 wp-block-column-is-layout-flow\">\n<figure class=\"wp-block-image size-full is-resized is-style-rounded\"><img loading=\"lazy\" decoding=\"async\" width=\"82\" height=\"79\" src=\"https:\/\/adu-duk.cz\/wp-content\/uploads\/2024\/10\/kontakt-1.png\" alt=\"\" class=\"wp-image-210\" style=\"object-fit:cover;width:74px;height:70px\"\/><\/figure>\n\n\n\n<h3 class=\"wp-block-heading\" style=\"margin-top:16px\"><\/h3>\n\n\n\n<p><img loading=\"lazy\" decoding=\"async\" width=\"20\" height=\"23\" class=\"wp-image-94\" style=\"width: 20px;\" src=\"https:\/\/adu-duk.cz\/wp-content\/uploads\/2024\/05\/telephone.png\" alt=\"\"> +420 604 223 060<br><img loading=\"lazy\" decoding=\"async\" width=\"22\" height=\"16\" class=\"wp-image-95\" style=\"width: 22px;\" src=\"https:\/\/adu-duk.cz\/wp-content\/uploads\/2024\/05\/mail.png\" alt=\"\"> info@adu-duk.cz<br>I\u010c: 448 46 002<br>DI\u010c: CZ44846002<\/p>\n<\/div>\n\n\n\n<div class=\"wp-block-column is-layout-flow wp-block-column-is-layout-flow\">\n<figure class=\"wp-block-image size-full is-resized is-style-rounded\"><img loading=\"lazy\" decoding=\"async\" width=\"82\" height=\"79\" src=\"https:\/\/adu-duk.cz\/wp-content\/uploads\/2024\/10\/osoba-1.png\" alt=\"\" class=\"wp-image-211\" style=\"object-fit:cover;width:68px;height:70px\"\/><\/figure>\n\n\n\n<h3 class=\"wp-block-heading\" style=\"margin-top:16px\">Bc. Alexandra Kopolovi\u010dov\u00e1<\/h3>\n\n\n\n<p>Jednatelka spole\u010dnosti, vlastn\u00edk spole\u010dnosti<br><img loading=\"lazy\" decoding=\"async\" width=\"22\" height=\"16\" class=\"wp-image-95\" style=\"width: 22px;\" src=\"https:\/\/adu-duk.cz\/wp-content\/uploads\/2024\/05\/mail.png\" alt=\"\"> kopolovicova@adu-duk.cz<\/p>\n<\/div>\n<\/div>\n<\/div>\n\n\n\n<div class=\"wp-block-group alignfull has-background is-layout-constrained wp-container-core-group-is-layout-2eec75b4 wp-block-group-is-layout-constrained\" id=\"formular\" style=\"background:linear-gradient(35deg,rgb(69,104,220) 0%,rgb(176,106,179) 98%);padding-top:104px;padding-bottom:104px\"><div class='fluentform ff-inherit-theme-style fluentform_wrapper_1  ff_guten_block'><form data-form_id=\"1\" id=\"fluentform_1\" class=\"frm-fluent-form fluent_form_1 ff-el-form-top ff_form_instance_1_1 ff-form-loading ffs_inherit_theme\" data-form_instance=\"ff_form_instance_1_1\" method=\"POST\" ><fieldset  style=\"border: none!important;margin: 0!important;padding: 0!important;background-color: transparent!important;box-shadow: none!important;outline: none!important; min-inline-size: 100%;\">\n                    <legend class=\"ff_screen_reader_title\" style=\"display: block; margin: 0!important;padding: 0!important;height: 0!important;text-indent: -999999px;width: 0!important;overflow:hidden;\">Contact Form Demo<\/legend><input type='hidden' name='__fluent_form_embded_post_id' value='10' \/><input type=\"hidden\" id=\"_fluentform_1_fluentformnonce\" name=\"_fluentform_1_fluentformnonce\" value=\"3811a6b31b\" \/><input type=\"hidden\" name=\"_wp_http_referer\" value=\"\/index.php\/wp-json\/wp\/v2\/pages\/10\" \/><div data-type=\"name-element\" data-name=\"names\" class=\" ff-field_container ff-name-field-wrapper\" ><div class='ff-t-container'><div class='ff-t-cell '><div class='ff-el-group ff-el-form-top'><div class='ff-el-input--content'><input type=\"text\" name=\"names[first_name]\" id=\"ff_1_names_first_name_\" class=\"ff-el-form-control\" placeholder=\"Va\u0161e jm\u00e9no\" aria-invalid=\"false\" aria-required=false><\/div><\/div><\/div><\/div><\/div><div class='ff-el-group'><div class='ff-el-input--content'><input type=\"email\" name=\"email\" id=\"ff_1_email\" class=\"ff-el-form-control\" placeholder=\"V\u00e1\u0161 e-mail\" data-name=\"email\"  aria-invalid=\"false\" aria-required=true><\/div><\/div><div class='ff-el-group'><div class='ff-el-input--content'><textarea aria-invalid=\"false\" aria-required=true name=\"message\" id=\"ff_1_message\" class=\"ff-el-form-control\" placeholder=\"Napi\u0161te zpr\u00e1vu\" rows=\"4\" cols=\"2\" data-name=\"message\" ><\/textarea><\/div><\/div><div class='ff-el-group ff-text-center ff_submit_btn_wrapper'><button type=\"submit\" class=\"ff-btn ff-btn-submit ff-btn-md ff_btn_no_style\" >Odeslat zpr\u00e1vu<\/button><\/div><\/fieldset><\/form><div id='fluentform_1_errors' class='ff-errors-in-stack ff_form_instance_1_1 ff-form-loading_errors ff_form_instance_1_1_errors'><\/div><\/div>        <script type=\"text\/javascript\">\n            window.fluent_form_ff_form_instance_1_1 = {\"id\":\"1\",\"settings\":{\"layout\":{\"labelPlacement\":\"top\",\"helpMessagePlacement\":\"with_label\",\"errorMessagePlacement\":\"inline\",\"cssClassName\":\"\",\"asteriskPlacement\":\"asterisk-right\"},\"restrictions\":{\"denyEmptySubmission\":{\"enabled\":false}}},\"form_instance\":\"ff_form_instance_1_1\",\"form_id_selector\":\"fluentform_1\",\"rules\":{\"names[first_name]\":{\"required\":{\"value\":false,\"message\":\"Mus\\u00edte vyplnit\",\"global_message\":\"Mus\\u00edte vyplnit\",\"global\":true}},\"names[middle_name]\":{\"required\":{\"value\":false,\"message\":\"Mus\\u00edte vyplnit\",\"global_message\":\"Mus\\u00edte vyplnit\",\"global\":true}},\"names[last_name]\":{\"required\":{\"value\":false,\"message\":\"Mus\\u00edte vyplnit\",\"global_message\":\"Mus\\u00edte vyplnit\",\"global\":true}},\"email\":{\"required\":{\"value\":true,\"message\":\"Mus\\u00edte vyplnit\",\"global\":false,\"global_message\":\"Mus\\u00edte vyplnit\"},\"email\":{\"value\":true,\"message\":\"\",\"global\":false,\"global_message\":\"This field must contain a valid email\"}},\"message\":{\"required\":{\"value\":true,\"message\":\"Mus\\u00edte vyplnit\",\"global\":false,\"global_message\":\"Mus\\u00edte vyplnit\"}}},\"debounce_time\":300};\n                    <\/script>\n        <\/div>\n\n\n\n<div class=\"wp-block-group alignfull is-layout-flow wp-container-core-group-is-layout-ff01a038 wp-block-group-is-layout-flow\" id=\"contact\" style=\"margin-top:0;margin-bottom:0;padding-top:0px;padding-right:0;padding-bottom:0px;padding-left:0\">\n<h2 class=\"wp-block-heading has-text-align-center has-text-color\" style=\"color:#ffffff\"><\/h2>\n\n\n\n<div class=\"wp-block-columns is-layout-flex wp-container-core-columns-is-layout-1ec2ec05 wp-block-columns-is-layout-flex\" style=\"margin-top:0;margin-bottom:0;padding-top:0;padding-right:0;padding-bottom:0;padding-left:0\">\n<div class=\"wp-block-column is-layout-flow wp-block-column-is-layout-flow\" style=\"flex-basis:100%\">\n<iframe src=\"https:\/\/www.google.com\/maps\/embed?pb=!1m18!1m12!1m3!1d2562.472389474847!2d14.422942397568596!3d50.03998149807516!2m3!1f0!2f0!3f0!3m2!1i1024!2i768!4f13.1!3m3!1m2!1s0x470b93936521987b%3A0x2b41590913f30777!2sA.D.U.%20spol.%20s%20r.o.!5e0!3m2!1scs!2scz!4v1716426765985!5m2!1scs!2scz\" width=\"100%\" height=\"550\" style=\"border:0;\" allowfullscreen=\"\" loading=\"lazy\" referrerpolicy=\"no-referrer-when-downgrade\"><\/iframe>\n<\/div>\n<\/div>\n<\/div>\n","protected":false},"excerpt":{"rendered":"<p>Na\u0161e spole\u010dnost poskytuje komplexn\u00ed slu\u017eby v oblasti dan\u00ed, \u00fa\u010detnictv\u00ed a mezd mal\u00fdm a st\u0159edn\u00edm podnikatelsk\u00fdm subjekt\u016fm. Da\u0148ov\u00e9 poradenstv\u00ed: pom\u00e1h\u00e1 efektivn\u011b [&hellip;]<\/p>\n","protected":false},"author":1,"featured_media":0,"parent":0,"menu_order":0,"comment_status":"closed","ping_status":"closed","template":"","meta":{"site-sidebar-layout":"no-sidebar","site-content-layout":"plain-container","ast-site-content-layout":"","site-content-style":"default","site-sidebar-style":"default","ast-global-header-display":"","ast-banner-title-visibility":"","ast-main-header-display":"","ast-hfb-above-header-display":"","ast-hfb-below-header-display":"","ast-hfb-mobile-header-display":"","site-post-title":"disabled","ast-breadcrumbs-content":"","ast-featured-img":"","footer-sml-layout":"","theme-transparent-header-meta":"enabled","adv-header-id-meta":"","stick-header-meta":"","header-above-stick-meta":"","header-main-stick-meta":"","header-below-stick-meta":"","astra-migrate-meta-layouts":"default","ast-page-background-enabled":"default","ast-page-background-meta":{"desktop":{"background-color":"var(--ast-global-color-4)","background-image":"","background-repeat":"repeat","background-position":"center center","background-size":"auto","background-attachment":"scroll","background-type":"","background-media":"","overlay-type":"","overlay-color":"","overlay-gradient":""},"tablet":{"background-color":"","background-image":"","background-repeat":"repeat","background-position":"center center","background-size":"auto","background-attachment":"scroll","background-type":"","background-media":"","overlay-type":"","overlay-color":"","overlay-gradient":""},"mobile":{"background-color":"","background-image":"","background-repeat":"repeat","background-position":"center center","background-size":"auto","background-attachment":"scroll","background-type":"","background-media":"","overlay-type":"","overlay-color":"","overlay-gradient":""}},"ast-content-background-meta":{"desktop":{"background-color":"var(--ast-global-color-5)","background-image":"","background-repeat":"repeat","background-position":"center center","background-size":"auto","background-attachment":"scroll","background-type":"","background-media":"","overlay-type":"","overlay-color":"","overlay-gradient":""},"tablet":{"background-color":"var(--ast-global-color-5)","background-image":"","background-repeat":"repeat","background-position":"center center","background-size":"auto","background-attachment":"scroll","background-type":"","background-media":"","overlay-type":"","overlay-color":"","overlay-gradient":""},"mobile":{"background-color":"var(--ast-global-color-5)","background-image":"","background-repeat":"repeat","background-position":"center center","background-size":"auto","background-attachment":"scroll","background-type":"","background-media":"","overlay-type":"","overlay-color":"","overlay-gradient":""}},"footnotes":""},"class_list":["post-10","page","type-page","status-publish","hentry"],"_links":{"self":[{"href":"https:\/\/adu-duk.cz\/index.php\/wp-json\/wp\/v2\/pages\/10","targetHints":{"allow":["GET"]}}],"collection":[{"href":"https:\/\/adu-duk.cz\/index.php\/wp-json\/wp\/v2\/pages"}],"about":[{"href":"https:\/\/adu-duk.cz\/index.php\/wp-json\/wp\/v2\/types\/page"}],"author":[{"embeddable":true,"href":"https:\/\/adu-duk.cz\/index.php\/wp-json\/wp\/v2\/users\/1"}],"replies":[{"embeddable":true,"href":"https:\/\/adu-duk.cz\/index.php\/wp-json\/wp\/v2\/comments?post=10"}],"version-history":[{"count":85,"href":"https:\/\/adu-duk.cz\/index.php\/wp-json\/wp\/v2\/pages\/10\/revisions"}],"predecessor-version":[{"id":273,"href":"https:\/\/adu-duk.cz\/index.php\/wp-json\/wp\/v2\/pages\/10\/revisions\/273"}],"wp:attachment":[{"href":"https:\/\/adu-duk.cz\/index.php\/wp-json\/wp\/v2\/media?parent=10"}],"curies":[{"name":"wp","href":"https:\/\/api.w.org\/{rel}","templated":true}]}}